{"id":33,"date":"2019-04-20T13:49:50","date_gmt":"2019-04-20T13:49:50","guid":{"rendered":"http:\/\/yesweken.de\/?page_id=33"},"modified":"2022-07-04T08:22:05","modified_gmt":"2022-07-04T08:22:05","slug":"mein-programm","status":"publish","type":"page","link":"http:\/\/yesweken.de\/?page_id=33","title":{"rendered":"Mein Programm"},"content":{"rendered":"\t\t<div data-elementor-type=\"wp-post\" data-elementor-id=\"33\" class=\"elementor elementor-33\">\n\t\t\t\t\t\t<section class=\"elementor-section elementor-top-section elementor-element elementor-element-2310f0ae elementor-section-boxed elementor-section-height-default elementor-section-height-default\" data-id=\"2310f0ae\" data-element_type=\"section\">\n\t\t\t\t\t\t<div class=\"elementor-container elementor-column-gap-default\">\n\t\t\t\t\t<div class=\"elementor-column elementor-col-100 elementor-top-column elementor-element elementor-element-1661c1c6\" data-id=\"1661c1c6\" data-element_type=\"column\">\n\t\t\t<div class=\"elementor-widget-wrap elementor-element-populated\">\n\t\t\t\t\t\t<section class=\"elementor-section elementor-inner-section elementor-element elementor-element-ea29f7b elementor-section-boxed elementor-section-height-default elementor-section-height-default\" data-id=\"ea29f7b\" data-element_type=\"section\">\n\t\t\t\t\t\t<div class=\"elementor-container elementor-column-gap-default\">\n\t\t\t\t\t<div class=\"elementor-column elementor-col-50 elementor-inner-column elementor-element elementor-element-8fd82ff\" data-id=\"8fd82ff\" data-element_type=\"column\">\n\t\t\t<div class=\"elementor-widget-wrap elementor-element-populated\">\n\t\t\t\t\t\t<div class=\"elementor-element elementor-element-8241689 elementor-widget elementor-widget-heading\" data-id=\"8241689\" data-element_type=\"widget\" data-widget_type=\"heading.default\">\n\t\t\t\t<div class=\"elementor-widget-container\">\n\t\t\t\t\t<h2 class=\"elementor-heading-title elementor-size-default\">Wohnqualit\u00e4t in Beindersheim<\/h2>\t\t\t\t<\/div>\n\t\t\t\t<\/div>\n\t\t\t\t\t<\/div>\n\t\t<\/div>\n\t\t\t\t<div class=\"elementor-column elementor-col-50 elementor-inner-column elementor-element elementor-element-104128e\" data-id=\"104128e\" data-element_type=\"column\">\n\t\t\t<div class=\"elementor-widget-wrap elementor-element-populated\">\n\t\t\t\t\t\t<div class=\"elementor-element elementor-element-3a17987 elementor-widget elementor-widget-text-editor\" data-id=\"3a17987\" data-element_type=\"widget\" data-widget_type=\"text-editor.default\">\n\t\t\t\t<div class=\"elementor-widget-container\">\n\t\t\t\t\t\t\t\t\t<p>Was ist ihnen in Ihrem Heimatort wichtig?<\/p><p>Ich m\u00f6chte, dass unsere H\u00e4user und Wohnungen vor zu hohem Grundwasser bewahrt werden, dass wir ausreichend Parkpl\u00e4tze haben, aber auch, dass der Dorfcharakter erhalten bleibt und nicht durch 4-st\u00f6ckige Mehrfamilienh\u00e4user gepr\u00e4gt wird.<\/p>\t\t\t\t\t\t\t\t<\/div>\n\t\t\t\t<\/div>\n\t\t\t\t\t<\/div>\n\t\t<\/div>\n\t\t\t\t\t<\/div>\n\t\t<\/section>\n\t\t\t\t<section class=\"elementor-section elementor-inner-section elementor-element elementor-element-d30eac2 elementor-section-boxed elementor-section-height-default elementor-section-height-default\" data-id=\"d30eac2\" data-element_type=\"section\">\n\t\t\t\t\t\t<div class=\"elementor-container elementor-column-gap-default\">\n\t\t\t\t\t<div class=\"elementor-column elementor-col-50 elementor-inner-column elementor-element elementor-element-e196167\" data-id=\"e196167\" data-element_type=\"column\">\n\t\t\t<div class=\"elementor-widget-wrap elementor-element-populated\">\n\t\t\t\t\t\t<div class=\"elementor-element elementor-element-82be549 elementor-widget elementor-widget-heading\" data-id=\"82be549\" data-element_type=\"widget\" data-widget_type=\"heading.default\">\n\t\t\t\t<div class=\"elementor-widget-container\">\n\t\t\t\t\t<h2 class=\"elementor-heading-title elementor-size-default\">Verkehr in Beindersheim<\/h2>\t\t\t\t<\/div>\n\t\t\t\t<\/div>\n\t\t\t\t\t<\/div>\n\t\t<\/div>\n\t\t\t\t<div class=\"elementor-column elementor-col-50 elementor-inner-column elementor-element elementor-element-1888f29\" data-id=\"1888f29\" data-element_type=\"column\">\n\t\t\t<div class=\"elementor-widget-wrap elementor-element-populated\">\n\t\t\t\t\t\t<div class=\"elementor-element elementor-element-7433854 elementor-widget elementor-widget-text-editor\" data-id=\"7433854\" data-element_type=\"widget\" data-widget_type=\"text-editor.default\">\n\t\t\t\t<div class=\"elementor-widget-container\">\n\t\t\t\t\t\t\t\t\t<p>Wenn ich mit meinen Kindern versuche, die Frankenthaler Stra\u00dfe zu \u00fcberqueren, stelle ich immer wieder fest, dass wir es noch nicht geschafft haben, einen sicheren \u00dcbergang f\u00fcr uns zu schaffen. Das m\u00f6chte ich unbedingt \u00e4ndern.<\/p>\n<p>Die Stra\u00dfen- und Gehwegsausbesserungen haben wir bereits im Ortsgemeinderat beschlossen und diese werden nun nach und nach umgesetzt. Das ist wichtig, damit wir nicht nur sichere Stra\u00dfen sondern auch barrierefreie Wege in Beindersheim schaffen.<\/p>\n<p>Und dann ist da noch die Sache mit den Parkpl\u00e4tzen. Wir arbeiten daran, dass wir Bebauungspl\u00e4ne f\u00fcr Beindersheim fl\u00e4chendeckend erarbeiten, damit Neubauten sich nicht nur gut ins Dorfbild einf\u00fcgen, sondern auch gen\u00fcgend Parkpl\u00e4tze f\u00fcr die Anwohner zur Verf\u00fcgung stehen.<\/p>\t\t\t\t\t\t\t\t<\/div>\n\t\t\t\t<\/div>\n\t\t\t\t\t<\/div>\n\t\t<\/div>\n\t\t\t\t\t<\/div>\n\t\t<\/section>\n\t\t\t\t<section class=\"elementor-section elementor-inner-section elementor-element elementor-element-100dd27 elementor-section-boxed elementor-section-height-default elementor-section-height-default\" data-id=\"100dd27\" data-element_type=\"section\">\n\t\t\t\t\t\t<div class=\"elementor-container elementor-column-gap-default\">\n\t\t\t\t\t<div class=\"elementor-column elementor-col-50 elementor-inner-column elementor-element elementor-element-7e52cd6\" data-id=\"7e52cd6\" data-element_type=\"column\">\n\t\t\t<div class=\"elementor-widget-wrap elementor-element-populated\">\n\t\t\t\t\t\t<div class=\"elementor-element elementor-element-7aa9ea0 elementor-widget elementor-widget-heading\" data-id=\"7aa9ea0\" data-element_type=\"widget\" data-widget_type=\"heading.default\">\n\t\t\t\t<div class=\"elementor-widget-container\">\n\t\t\t\t\t<h2 class=\"elementor-heading-title elementor-size-default\">Familien in Beindersheim<\/h2>\t\t\t\t<\/div>\n\t\t\t\t<\/div>\n\t\t\t\t\t<\/div>\n\t\t<\/div>\n\t\t\t\t<div class=\"elementor-column elementor-col-50 elementor-inner-column elementor-element elementor-element-0d30c7b\" data-id=\"0d30c7b\" data-element_type=\"column\">\n\t\t\t<div class=\"elementor-widget-wrap elementor-element-populated\">\n\t\t\t\t\t\t<div class=\"elementor-element elementor-element-9c09c12 elementor-widget elementor-widget-text-editor\" data-id=\"9c09c12\" data-element_type=\"widget\" data-widget_type=\"text-editor.default\">\n\t\t\t\t<div class=\"elementor-widget-container\">\n\t\t\t\t\t\t\t\t\t<p>Seit Ende 2017 arbeite ich zusammen mit dem Ortsverein der SPD daran, dass eine weitere Kindertagesst\u00e4tte in Beindersheim geplant und endlich gebaut wird. Jetzt stehen wir kurz vor einer Umsetzung und ich werde mich daf\u00fcr einsetzen, dass es z\u00fcgig voran geht.<\/p>\n<p>Wir haben viele Spielpl\u00e4tze in Beindersheim. Hier stelle ich jedoch immer wieder fest, dass wir besser werden k\u00f6nnten, in dem wir die bestehenden Spielpl\u00e4tze attraktiv f\u00fcr unterschiedliche Altersgruppen machen und innovative Spielger\u00e4te bieten. Ein gutes und aktuelles Beispiel ist der generationen\u00fcbergreifende Trimm-Dich-Platz am Rathausweg.<\/p>\t\t\t\t\t\t\t\t<\/div>\n\t\t\t\t<\/div>\n\t\t\t\t\t<\/div>\n\t\t<\/div>\n\t\t\t\t\t<\/div>\n\t\t<\/section>\n\t\t\t\t<section class=\"elementor-section elementor-inner-section elementor-element elementor-element-7024d99 elementor-section-boxed elementor-section-height-default elementor-section-height-default\" data-id=\"7024d99\" data-element_type=\"section\">\n\t\t\t\t\t\t<div class=\"elementor-container elementor-column-gap-default\">\n\t\t\t\t\t<div class=\"elementor-column elementor-col-50 elementor-inner-column elementor-element elementor-element-8f9ef67\" data-id=\"8f9ef67\" data-element_type=\"column\">\n\t\t\t<div class=\"elementor-widget-wrap elementor-element-populated\">\n\t\t\t\t\t\t<div class=\"elementor-element elementor-element-666e21a elementor-widget elementor-widget-heading\" data-id=\"666e21a\" data-element_type=\"widget\" data-widget_type=\"heading.default\">\n\t\t\t\t<div class=\"elementor-widget-container\">\n\t\t\t\t\t<h2 class=\"elementor-heading-title elementor-size-default\">Gemeinschaft in Beindersheim<\/h2>\t\t\t\t<\/div>\n\t\t\t\t<\/div>\n\t\t\t\t\t<\/div>\n\t\t<\/div>\n\t\t\t\t<div class=\"elementor-column elementor-col-50 elementor-inner-column elementor-element elementor-element-1005576\" data-id=\"1005576\" data-element_type=\"column\">\n\t\t\t<div class=\"elementor-widget-wrap elementor-element-populated\">\n\t\t\t\t\t\t<div class=\"elementor-element elementor-element-a0ccef3 elementor-widget elementor-widget-text-editor\" data-id=\"a0ccef3\" data-element_type=\"widget\" data-widget_type=\"text-editor.default\">\n\t\t\t\t<div class=\"elementor-widget-container\">\n\t\t\t\t\t\t\t\t\t<p>Die Kerwe ist traditionell einer der Kernpunkte des d\u00f6rflichen Zusammenseins &#8211; und so soll es auch bleiben! Dazu m\u00fcssen wir unsere Vereine unterst\u00fctzen und das Kerweangebot erweitern, so dass alle Altersgruppe ihre Freude am j\u00e4hrlichen Kerwetreiben haben. <\/p><p>Die Beindersheimer Vereine tun sehr viel f\u00fcr den Zusammenhalt im Dorf und vermitteln unseren Kindern wichtige soziale Werte. Ich m\u00f6chte mit den Vereinen zusammenarbeiten und die H\u00fcrden, die die Vereinsarbeit erschweren, abbauen.<\/p><p>\u00a0<\/p>\t\t\t\t\t\t\t\t<\/div>\n\t\t\t\t<\/div>\n\t\t\t\t\t<\/div>\n\t\t<\/div>\n\t\t\t\t\t<\/div>\n\t\t<\/section>\n\t\t\t\t\t<\/div>\n\t\t<\/div>\n\t\t\t\t\t<\/div>\n\t\t<\/section>\n\t\t\t\t<\/div>\n\t\t","protected":false},"excerpt":{"rendered":"<p>Wohnqualit\u00e4t in Beindersheim Was ist ihnen in Ihrem Heimatort wichtig? Ich m\u00f6chte, dass unsere H\u00e4user und Wohnungen vor zu hohem Grundwasser bewahrt werden, dass wir ausreichend Parkpl\u00e4tze haben, aber auch, dass der Dorfcharakter erhalten bleibt und nicht durch 4-st\u00f6ckige Mehrfamilienh\u00e4user gepr\u00e4gt wird. Verkehr in Beindersheim Wenn ich mit meinen Kindern versuche, die Frankenthaler Stra\u00dfe zu [&hellip;]<\/p>\n","protected":false},"author":1,"featured_media":90,"parent":0,"menu_order":0,"comment_status":"closed","ping_status":"closed","template":"","meta":{"footnotes":""},"class_list":["post-33","page","type-page","status-publish","has-post-thumbnail","hentry"],"_links":{"self":[{"href":"http:\/\/yesweken.de\/index.php?rest_route=\/wp\/v2\/pages\/33","targetHints":{"allow":["GET"]}}],"collection":[{"href":"http:\/\/yesweken.de\/index.php?rest_route=\/wp\/v2\/pages"}],"about":[{"href":"http:\/\/yesweken.de\/index.php?rest_route=\/wp\/v2\/types\/page"}],"author":[{"embeddable":true,"href":"http:\/\/yesweken.de\/index.php?rest_route=\/wp\/v2\/users\/1"}],"replies":[{"embeddable":true,"href":"http:\/\/yesweken.de\/index.php?rest_route=%2Fwp%2Fv2%2Fcomments&post=33"}],"version-history":[{"count":13,"href":"http:\/\/yesweken.de\/index.php?rest_route=\/wp\/v2\/pages\/33\/revisions"}],"predecessor-version":[{"id":242,"href":"http:\/\/yesweken.de\/index.php?rest_route=\/wp\/v2\/pages\/33\/revisions\/242"}],"wp:featuredmedia":[{"embeddable":true,"href":"http:\/\/yesweken.de\/index.php?rest_route=\/wp\/v2\/media\/90"}],"wp:attachment":[{"href":"http:\/\/yesweken.de\/index.php?rest_route=%2Fwp%2Fv2%2Fmedia&parent=33"}],"curies":[{"name":"wp","href":"https:\/\/api.w.org\/{rel}","templated":true}]}}

<div data-elementor-type="wp-post" data-elementor-id="33" class="elementor elementor-33">
						<section class="elementor-section elementor-top-section elementor-element elementor-element-2310f0ae elementor-section-boxed elementor-section-height-default elementor-section-height-default" data-id="2310f0ae" data-element_type="section">
						<div class="elementor-container elementor-column-gap-default">
					<div class="elementor-column elementor-col-100 elementor-top-column elementor-element elementor-element-1661c1c6" data-id="1661c1c6" data-element_type="column">
			<div class="elementor-widget-wrap elementor-element-populated">
						<section class="elementor-section elementor-inner-section elementor-element elementor-element-ea29f7b elementor-section-boxed elementor-section-height-default elementor-section-height-default" data-id="ea29f7b" data-element_type="section">
						<div class="elementor-container elementor-column-gap-default">
					<div class="elementor-column elementor-col-50 elementor-inner-column elementor-element elementor-element-8fd82ff" data-id="8fd82ff" data-element_type="column">
			<div class="elementor-widget-wrap elementor-element-populated">
						<div class="elementor-element elementor-element-8241689 elementor-widget elementor-widget-heading" data-id="8241689" data-element_type="widget" data-widget_type="heading.default">
				<div class="elementor-widget-container">
					<h2 class="elementor-heading-title elementor-size-default">Wohnqualität in Beindersheim</h2>				</div>
				</div>
					</div>
		</div>
				<div class="elementor-column elementor-col-50 elementor-inner-column elementor-element elementor-element-104128e" data-id="104128e" data-element_type="column">
			<div class="elementor-widget-wrap elementor-element-populated">
						<div class="elementor-element elementor-element-3a17987 elementor-widget elementor-widget-text-editor" data-id="3a17987" data-element_type="widget" data-widget_type="text-editor.default">
				<div class="elementor-widget-container">
									<p>Was ist ihnen in Ihrem Heimatort wichtig?</p><p>Ich möchte, dass unsere Häuser und Wohnungen vor zu hohem Grundwasser bewahrt werden, dass wir ausreichend Parkplätze haben, aber auch, dass der Dorfcharakter erhalten bleibt und nicht durch 4-stöckige Mehrfamilienhäuser geprägt wird.</p>								</div>
				</div>
					</div>
		</div>
					</div>
		</section>
				<section class="elementor-section elementor-inner-section elementor-element elementor-element-d30eac2 elementor-section-boxed elementor-section-height-default elementor-section-height-default" data-id="d30eac2" data-element_type="section">
						<div class="elementor-container elementor-column-gap-default">
					<div class="elementor-column elementor-col-50 elementor-inner-column elementor-element elementor-element-e196167" data-id="e196167" data-element_type="column">
			<div class="elementor-widget-wrap elementor-element-populated">
						<div class="elementor-element elementor-element-82be549 elementor-widget elementor-widget-heading" data-id="82be549" data-element_type="widget" data-widget_type="heading.default">
				<div class="elementor-widget-container">
					<h2 class="elementor-heading-title elementor-size-default">Verkehr in Beindersheim</h2>				</div>
				</div>
					</div>
		</div>
				<div class="elementor-column elementor-col-50 elementor-inner-column elementor-element elementor-element-1888f29" data-id="1888f29" data-element_type="column">
			<div class="elementor-widget-wrap elementor-element-populated">
						<div class="elementor-element elementor-element-7433854 elementor-widget elementor-widget-text-editor" data-id="7433854" data-element_type="widget" data-widget_type="text-editor.default">
				<div class="elementor-widget-container">
									<p>Wenn ich mit meinen Kindern versuche, die Frankenthaler Straße zu überqueren, stelle ich immer wieder fest, dass wir es noch nicht geschafft haben, einen sicheren Übergang für uns zu schaffen. Das möchte ich unbedingt ändern.</p>
<p>Die Straßen- und Gehwegsausbesserungen haben wir bereits im Ortsgemeinderat beschlossen und diese werden nun nach und nach umgesetzt. Das ist wichtig, damit wir nicht nur sichere Straßen sondern auch barrierefreie Wege in Beindersheim schaffen.</p>
<p>Und dann ist da noch die Sache mit den Parkplätzen. Wir arbeiten daran, dass wir Bebauungspläne für Beindersheim flächendeckend erarbeiten, damit Neubauten sich nicht nur gut ins Dorfbild einfügen, sondern auch genügend Parkplätze für die Anwohner zur Verfügung stehen.</p>								</div>
				</div>
					</div>
		</div>
					</div>
		</section>
				<section class="elementor-section elementor-inner-section elementor-element elementor-element-100dd27 elementor-section-boxed elementor-section-height-default elementor-section-height-default" data-id="100dd27" data-element_type="section">
						<div class="elementor-container elementor-column-gap-default">
					<div class="elementor-column elementor-col-50 elementor-inner-column elementor-element elementor-element-7e52cd6" data-id="7e52cd6" data-element_type="column">
			<div class="elementor-widget-wrap elementor-element-populated">
						<div class="elementor-element elementor-element-7aa9ea0 elementor-widget elementor-widget-heading" data-id="7aa9ea0" data-element_type="widget" data-widget_type="heading.default">
				<div class="elementor-widget-container">
					<h2 class="elementor-heading-title elementor-size-default">Familien in Beindersheim</h2>				</div>
				</div>
					</div>
		</div>
				<div class="elementor-column elementor-col-50 elementor-inner-column elementor-element elementor-element-0d30c7b" data-id="0d30c7b" data-element_type="column">
			<div class="elementor-widget-wrap elementor-element-populated">
						<div class="elementor-element elementor-element-9c09c12 elementor-widget elementor-widget-text-editor" data-id="9c09c12" data-element_type="widget" data-widget_type="text-editor.default">
				<div class="elementor-widget-container">
									<p>Seit Ende 2017 arbeite ich zusammen mit dem Ortsverein der SPD daran, dass eine weitere Kindertagesstätte in Beindersheim geplant und endlich gebaut wird. Jetzt stehen wir kurz vor einer Umsetzung und ich werde mich dafür einsetzen, dass es zügig voran geht.</p>
<p>Wir haben viele Spielplätze in Beindersheim. Hier stelle ich jedoch immer wieder fest, dass wir besser werden könnten, in dem wir die bestehenden Spielplätze attraktiv für unterschiedliche Altersgruppen machen und innovative Spielgeräte bieten. Ein gutes und aktuelles Beispiel ist der generationenübergreifende Trimm-Dich-Platz am Rathausweg.</p>								</div>
				</div>
					</div>
		</div>
					</div>
		</section>
				<section class="elementor-section elementor-inner-section elementor-element elementor-element-7024d99 elementor-section-boxed elementor-section-height-default elementor-section-height-default" data-id="7024d99" data-element_type="section">
						<div class="elementor-container elementor-column-gap-default">
					<div class="elementor-column elementor-col-50 elementor-inner-column elementor-element elementor-element-8f9ef67" data-id="8f9ef67" data-element_type="column">
			<div class="elementor-widget-wrap elementor-element-populated">
						<div class="elementor-element elementor-element-666e21a elementor-widget elementor-widget-heading" data-id="666e21a" data-element_type="widget" data-widget_type="heading.default">
				<div class="elementor-widget-container">
					<h2 class="elementor-heading-title elementor-size-default">Gemeinschaft in Beindersheim</h2>				</div>
				</div>
					</div>
		</div>
				<div class="elementor-column elementor-col-50 elementor-inner-column elementor-element elementor-element-1005576" data-id="1005576" data-element_type="column">
			<div class="elementor-widget-wrap elementor-element-populated">
						<div class="elementor-element elementor-element-a0ccef3 elementor-widget elementor-widget-text-editor" data-id="a0ccef3" data-element_type="widget" data-widget_type="text-editor.default">
				<div class="elementor-widget-container">
									<p>Die Kerwe ist traditionell einer der Kernpunkte des dörflichen Zusammenseins &#8211; und so soll es auch bleiben! Dazu müssen wir unsere Vereine unterstützen und das Kerweangebot erweitern, so dass alle Altersgruppe ihre Freude am jährlichen Kerwetreiben haben. </p><p>Die Beindersheimer Vereine tun sehr viel für den Zusammenhalt im Dorf und vermitteln unseren Kindern wichtige soziale Werte. Ich möchte mit den Vereinen zusammenarbeiten und die Hürden, die die Vereinsarbeit erschweren, abbauen.</p><p> </p>								</div>
				</div>
					</div>
		</div>
					</div>
		</section>
					</div>
		</div>
					</div>
		</section>
				</div>

<p>Wohnqualität in Beindersheim Was ist ihnen in Ihrem Heimatort wichtig? Ich möchte, dass unsere Häuser und Wohnungen vor zu hohem Grundwasser bewahrt werden, dass wir ausreichend Parkplätze haben, aber auch, dass der Dorfcharakter erhalten bleibt und nicht durch 4-stöckige Mehrfamilienhäuser geprägt wird. Verkehr in Beindersheim Wenn ich mit meinen Kindern versuche, die Frankenthaler Straße zu [&hellip;]</p>
